{"id":10,"date":"2011-03-09T17:38:54","date_gmt":"2011-03-09T17:38:54","guid":{"rendered":"http:\/\/concurso.aragonmusicalradio.com\/?page_id=10"},"modified":"2011-03-09T17:38:54","modified_gmt":"2011-03-09T17:38:54","slug":"concurso","status":"publish","type":"page","link":"https:\/\/concurso.aragonmusicalradio.com\/Concurso2012\/concurso\/","title":{"rendered":"Concurso"},"content":{"rendered":"<p style=\"text-align: justify;\"><span style=\"text-decoration: underline;\"><strong>Concurso 2011:<\/strong><\/span><\/p>\n<h1>THE SHIMM GANAN EL II CONCURSO DE CANCIONES ARAG\u00d3N MUSICAL RADIO<\/h1>\n<p style=\"text-align: justify;\"><span style=\"text-decoration: underline;\"><strong><br \/>\n<\/strong><\/span><\/p>\n<p style=\"text-align: justify;\">Tras el largo periodo de deliberaci\u00f3n del jurado, que se ha prolongado varias semanas, la canci\u00f3n &#8220;<a title=\"aragonmusical.com\/theshimm\" href=\"http:\/\/www.aragonmusical.com\/theshimm\" target=\"_blank\"><strong>Here I Go Again<\/strong><\/a>&#8221; del grupo\u00a0<strong><a title=\"aragonmusical.com\/theshimm\" href=\"http:\/\/www.aragonmusical.com\/theshimm\" target=\"_blank\">The Shimm<\/a><\/strong> ha resultado ganadora del\u00a0<a title=\"concurso.aragonmusicalradio.com\" href=\"http:\/\/concurso.aragonmusicalradio.com\/\" target=\"_blank\"><strong>II Concurso de Canciones Arag\u00f3n Musical Radio<\/strong><\/a>.<\/p>\n<p style=\"text-align: justify;\">Este concurso, al que\u00a0se presentaron m\u00e1s de 250\u00a0temas musicales\u00a0y 94 grupos y solistas, es el \u00fanico de canciones en Arag\u00f3n. Est\u00e1 organizado por el colectivo\u00a0<a title=\"aragonmusical.es\" href=\"http:\/\/www.aragonmusical.es\/\" target=\"_blank\"><span style=\"color: #ff3300;\">Arag\u00f3n Musical<\/span><\/a> y\u00a0<a title=\"septimocielo.es\" href=\"http:\/\/www.septimocielo.es\/\"><strong>Estudios S\u00e9ptimo Cielo<\/strong><\/a>, en colaboraci\u00f3n con el estudio<strong> <\/strong><a href=\"http:\/\/www.gustaffroom.com\/\" target=\"_blank\"><strong>Gustaff Room<\/strong><\/a> y\u00a0el sello\u00a0<a title=\"virtualbum.es\" href=\"http:\/\/www.virtualbum.es\/\" target=\"_blank\">Virtualbum.es<\/a>.<\/p>\n<p style=\"text-align: justify;\">La propuesta ganadora,\u00a0<strong>The Shimm<\/strong>,\u00a0cuenta con\u00a0la peculiaridad de haberse formado en Auckland (Nueva Zelanda) en 2005.\u00a0Terminando 2008,\u00a0<strong>Eyeball<\/strong>,\u00a0cantante y cerebro del proyecto, deja su pa\u00eds de origen junto a su mujer y a su hijo y planta ra\u00edces en Zaragoza.\u00a0\u00a0Desde la capital del Ebro no tarda en intentar\u00a0volver a darle vida a\u00a0<strong>The Shimm<\/strong> con m\u00fasicos de aqu\u00ed. Tras\u00a0varios intentos fallidos, al fin lo consigue,\u00a0firmando canciones pop de diversas influencias que van de Weezer, Ash y These Animal Men a The Smiths, Teenage Fanclub e incluso Radiohead con la intenci\u00f3n de pasear sus sonidos\u00a0por\u00a0distintos\u00a0escenarios de Espa\u00f1a.<\/p>\n<p style=\"text-align: justify;\">El tema ganador\u00a0lo ha seleccionado un jurado\u00a0compuesto por miembros y colaboradores de\u00a0<strong>Arag\u00f3n Musical<\/strong>,\u00a0<strong>S\u00e9ptimo Cielo<\/strong> y\u00a0<strong>Gustaff Room<\/strong>.\u00a0<strong>The Shimm<\/strong>,\u00a0grupo firmante del mismo,\u00a0grabar\u00e1 un EP con coste cero en\u00a0<strong>Estudios S\u00e9ptimo Cielo<\/strong> y lo editar\u00e1, tambi\u00e9n de modo gratuito,\u00a0mediante el sello\u00a0<strong>Virtualbum.es<\/strong>. Adem\u00e1s,\u00a0\u00a0<strong>Gustaff Choos<\/strong>, le realizar\u00e1\u00a0una sesi\u00f3n\u00a0fotos durante la grabaci\u00f3n del EP y un v\u00eddeo en ese mismo periodo. El ganador\u00a0presentar\u00e1 el nuevo trabajo musical en\u00a0un concierto de\u00a0y obtendr\u00e1\u00a0labor promocional.<\/p>\n<p style=\"text-align: justify;\">El pasado a\u00f1o, en su primera edici\u00f3n en la que se presentaron m\u00e1s de un centenar de grupos y solistas, ganaron los zaragozanos\u00a0<strong><a href=\"http:\/\/www.aragonmusical.com\/noticias\/leer-noticia\/0\/2740\/\" target=\"_blank\">Delirium Tremenes<\/a><\/strong>, una de las propuestas ganadoras tambi\u00e9n, meses despu\u00e9s, en la pasada edici\u00f3n de los Premios de la M\u00fasica Aragonesa.<\/p>\n<p style=\"text-align: justify;\">El\u00a0<strong>Concurso de Canciones Arag\u00f3n Musical Radio<\/strong> tiene como objetivo\u00a0apoyar a los grupos de Huesca, Teruel y Zaragoza, sea cual sea su estilo musical.<\/p>\n<p style=\"text-align: justify;\"><strong><a title=\"aragonmusicalradio.com\" href=\"http:\/\/www.aragonmusicalradio.com\/\" target=\"_blank\">Arag\u00f3n Musical Radio<\/a><\/strong> es\u00a0la\u00a0plataforma de escucha gratuita de canciones de grupos y solistas aragoneses, gestionada por\u00a0<strong>Arag\u00f3n Musical<\/strong>, y\u00a0con m\u00e1s de medio millar de temas musicales a disposici\u00f3n de todo el mundo.<\/p>\n<p style=\"text-align: justify;\">&nbsp;<\/p>\n<p style=\"text-align: justify;\"><strong><a href=\"http:\/\/concurso.aragonmusicalradio.com\/concurso\/ii-edicion\/\">VER PARTICIPANTES INSCRITOS 2011<\/a><\/strong><\/p>\n<p style=\"text-align: justify;\"><span style=\"text-decoration: underline;\"><strong><br \/>\n<\/strong><\/span><\/p>\n<p style=\"text-align: justify;\"><span style=\"color: #ff0000;\"><strong>PLAZO FINALIZADO: <\/strong><\/span><\/p>\n<p style=\"text-align: justify;\">El colectivo\u00a0<strong>Arag\u00f3n Musical<\/strong> (aragonmusical.es), \u00a0estudios\u00a0<strong>S\u00e9ptimo Cielo<\/strong> (<a href=\"http:\/\/ww.septimocielo.es\/\" target=\"_blank\">septimocielo.es<\/a>) y Gustaff Room (<a href=\"http:\/\/www.gustaffroom.com\/\" target=\"_blank\">gustaffroom.com<\/a>) convocan el\u00a0<strong>II Concurso de canciones ARAGONMUSICALRADIO.COM<\/strong>.<\/p>\n<p style=\"text-align: justify;\">El concurso est\u00e1 organizado por\u00a0<strong>aragonmusicalradio.com<\/strong>,\u00a0<strong>aragonmusical.com <\/strong>y\u00a0el estudio de grabaci\u00f3n\u00a0<strong>S\u00e9ptimo Cielo<\/strong> en colaboraci\u00f3n con el estudio fotogr\u00e1fico<strong> Gustaff Room<\/strong> y el sello\u00a0<strong>Virtualbum.es<\/strong>.<\/p>\n<p style=\"text-align: justify;\">El plazo de presentaci\u00f3n de temas musicales se abre el 10 de marzo de 2011 y se cierra el 31 de marzo de 2011, ambos inclusive.<\/p>\n<p style=\"text-align: justify;\">Requisitos:<\/p>\n<p style=\"text-align: justify;\">1- Tener una ficha con un m\u00ednimo de una canci\u00f3n en\u00a0<strong><a href=\"http:\/\/www.aragonmusical.com\/grupos\/altagrupo.php\" target=\"_blank\">Arag\u00f3n Musical<\/a><\/strong> (Si ya tienes temas subidos a tu ficha, no hace falta cambiarlos o subir otros)<\/p>\n<p style=\"text-align: justify;\">2- <a href=\"http:\/\/concurso.aragonmusicalradio.com\/wp-login.php?action=register\">Registrar tu participaci\u00f3n<\/a> &#8211;\u00a0\u00a0<strong><a href=\"http:\/\/concurso.aragonmusicalradio.com\/bases\/\" target=\"_blank\">Leer bases al completo<\/a><\/strong><\/p>\n<p style=\"text-align: justify;\"><strong><a href=\"http:\/\/concurso.aragonmusicalradio.com\/concurso\/ii-edicion\/\">VER PARTICIPANTES INSCRITOS 2011<\/a> <\/strong><\/p>\n<p style=\"text-align: justify;\">&nbsp;<\/p>\n","protected":false},"excerpt":{"rendered":"<p>Concurso 2011: THE SHIMM GANAN EL II CONCURSO DE CANCIONES ARAG\u00d3N MUSICAL RADIO Tras el largo periodo de deliberaci\u00f3n del jurado, que se ha prolongado varias semanas, la canci\u00f3n &#8220;Here I Go Again&#8221; del grupo\u00a0The Shimm ha resultado ganadora del\u00a0II Concurso de Canciones Arag\u00f3n Musical Radio. Este concurso, al que\u00a0se presentaron m\u00e1s de 250\u00a0temas musicales\u00a0y [&hellip;]<\/p>\n","protected":false},"author":1,"featured_media":0,"parent":0,"menu_order":0,"comment_status":"open","ping_status":"open","template":"","meta":[],"_links":{"self":[{"href":"https:\/\/concurso.aragonmusicalradio.com\/Concurso2012\/wp-json\/wp\/v2\/pages\/10"}],"collection":[{"href":"https:\/\/concurso.aragonmusicalradio.com\/Concurso2012\/wp-json\/wp\/v2\/pages"}],"about":[{"href":"https:\/\/concurso.aragonmusicalradio.com\/Concurso2012\/wp-json\/wp\/v2\/types\/page"}],"author":[{"embeddable":true,"href":"https:\/\/concurso.aragonmusicalradio.com\/Concurso2012\/wp-json\/wp\/v2\/users\/1"}],"replies":[{"embeddable":true,"href":"https:\/\/concurso.aragonmusicalradio.com\/Concurso2012\/wp-json\/wp\/v2\/comments?post=10"}],"version-history":[{"count":0,"href":"https:\/\/concurso.aragonmusicalradio.com\/Concurso2012\/wp-json\/wp\/v2\/pages\/10\/revisions"}],"wp:attachment":[{"href":"https:\/\/concurso.aragonmusicalradio.com\/Concurso2012\/wp-json\/wp\/v2\/media?parent=10"}],"curies":[{"name":"wp","href":"https:\/\/api.w.org\/{rel}","templated":true}]}}